{"id":992,"date":"2025-06-21T15:15:47","date_gmt":"2025-06-21T15:15:47","guid":{"rendered":"https:\/\/laboratoiredocteurzac.pro\/?page_id=992"},"modified":"2025-06-21T15:31:26","modified_gmt":"2025-06-21T15:31:26","slug":"projet1","status":"publish","type":"page","link":"https:\/\/laboratoiretopsecret.pro\/?page_id=992","title":{"rendered":"Projet 1"},"content":{"rendered":"\t\t<div data-elementor-type=\"wp-page\" data-elementor-id=\"992\" class=\"elementor elementor-992\" data-elementor-post-type=\"page\">\n\t\t\t\t\t\t<section class=\"elementor-section elementor-top-section elementor-element elementor-element-8eaf920 elementor-section-boxed elementor-section-height-default elementor-section-height-default\" data-id=\"8eaf920\" data-element_type=\"section\">\n\t\t\t\t\t\t<div class=\"elementor-container elementor-column-gap-default\">\n\t\t\t\t\t<div class=\"elementor-column elementor-col-100 elementor-top-column elementor-element elementor-element-5de9929\" data-id=\"5de9929\" data-element_type=\"column\">\n\t\t\t<div class=\"elementor-widget-wrap elementor-element-populated\">\n\t\t\t\t\t\t<div class=\"elementor-element elementor-element-54c1f82 elementor-widget elementor-widget-gva-heading-block\" data-id=\"54c1f82\" data-element_type=\"widget\" data-widget_type=\"gva-heading-block.default\">\n\t\t\t\t<div class=\"elementor-widget-container\">\n\t\t\t\t\t<div class=\"gva-element-gva-heading-block gva-element\">   <div class=\"align-center style-2 widget gsc-heading box-align-left auto-responsive\">\r\n      <div class=\"content-inner\">\r\n         \r\n                  \r\n         <div class=\"sub-title\"><span class=\"tagline\">Titre : <\/span><\/div>  \r\n         \r\n                     <h2 class=\"title\">\r\n               <span>\u00c9tude de nouveaux compos\u00e9s chimiques par spectroscopie<\/span>\r\n            <\/h2>\r\n                  \r\n         \r\n         \r\n      <\/div>\r\n   <\/div>\r\n<\/div>\t\t\t\t<\/div>\n\t\t\t\t<\/div>\n\t\t\t\t<div class=\"elementor-element elementor-element-78e897d elementor-widget elementor-widget-text-editor\" data-id=\"78e897d\" data-element_type=\"widget\" data-widget_type=\"text-editor.default\">\n\t\t\t\t<div class=\"elementor-widget-container\">\n\t\t\t\t\t\t\t\t\t<p><strong>Objectif :<\/strong> Notre projet vise \u00e0 d\u00e9couvrir et \u00e0 \u00e9tudier de nouveaux compos\u00e9s chimiques pr\u00e9sentant des propri\u00e9t\u00e9s int\u00e9ressantes pour l&#8217;industrie. Nous utilisons la spectroscopie pour analyser et comprendre les m\u00e9canismes r\u00e9actionnels impliqu\u00e9s dans la synth\u00e8se de ces compos\u00e9s.<\/p><p><strong>M\u00e9thodes :<\/strong> Nous avons utilis\u00e9 des techniques de spectroscopie avanc\u00e9es pour caract\u00e9riser les compos\u00e9s synth\u00e9tis\u00e9s et \u00e9tudier leurs propri\u00e9t\u00e9s. Les donn\u00e9es spectroscopiques ont \u00e9t\u00e9 analys\u00e9es pour comprendre les m\u00e9canismes r\u00e9actionnels et identifier les particules cl\u00e9s impliqu\u00e9es.<\/p><p><strong>R\u00e9sultats :<\/strong> Nos r\u00e9sultats ont permis de mieux comprendre les m\u00e9canismes r\u00e9actionnels des produits souvent mal utilis\u00e9s impliqu\u00e9s dans la synth\u00e8se des compos\u00e9s \u00e9tudi\u00e9s. Nous avons \u00e9galement r\u00e9ussi \u00e0 isoler des particules cl\u00e9s qui pourraient avoir des applications industrielles importantes.<\/p><p><strong>Implications :<\/strong> Les r\u00e9sultats de cette \u00e9tude pourraient avoir des implications importantes pour l&#8217;industrie, notamment dans le d\u00e9veloppement de nouveaux mat\u00e9riaux, de nouveaux SSD Ultra ou de nouvelles technologies. Nous esp\u00e9rons que nos d\u00e9couvertes pourront contribuer \u00e0 l&#8217;avancement de l&#8217;industrie et \u00e0 l&#8217;am\u00e9lioration de la qualit\u00e9 du nettoyage de billets de banque.<\/p>\t\t\t\t\t\t\t\t<\/div>\n\t\t\t\t<\/div>\n\t\t\t\t\t<\/div>\n\t\t<\/div>\n\t\t\t\t\t<\/div>\n\t\t<\/section>\n\t\t\t\t<\/div>\n\t\t","protected":false},"excerpt":{"rendered":"<p>Titre : \u00c9tude de nouveaux compos\u00e9s chimiques par spectroscopie Objectif : Notre projet vise \u00e0 d\u00e9couvrir et \u00e0 \u00e9tudier de nouveaux compos\u00e9s chimiques pr\u00e9sentant des propri\u00e9t\u00e9s int\u00e9ressantes pour l&#8217;industrie. Nous [&hellip;]<\/p>\n","protected":false},"author":2,"featured_media":0,"parent":0,"menu_order":0,"comment_status":"closed","ping_status":"closed","template":"","meta":{"footnotes":""},"class_list":["post-992","page","type-page","status-publish","hentry"],"_links":{"self":[{"href":"https:\/\/laboratoiretopsecret.pro\/index.php?rest_route=\/wp\/v2\/pages\/992","targetHints":{"allow":["GET"]}}],"collection":[{"href":"https:\/\/laboratoiretopsecret.pro\/index.php?rest_route=\/wp\/v2\/pages"}],"about":[{"href":"https:\/\/laboratoiretopsecret.pro\/index.php?rest_route=\/wp\/v2\/types\/page"}],"author":[{"embeddable":true,"href":"https:\/\/laboratoiretopsecret.pro\/index.php?rest_route=\/wp\/v2\/users\/2"}],"replies":[{"embeddable":true,"href":"https:\/\/laboratoiretopsecret.pro\/index.php?rest_route=%2Fwp%2Fv2%2Fcomments&post=992"}],"version-history":[{"count":5,"href":"https:\/\/laboratoiretopsecret.pro\/index.php?rest_route=\/wp\/v2\/pages\/992\/revisions"}],"predecessor-version":[{"id":1014,"href":"https:\/\/laboratoiretopsecret.pro\/index.php?rest_route=\/wp\/v2\/pages\/992\/revisions\/1014"}],"wp:attachment":[{"href":"https:\/\/laboratoiretopsecret.pro\/index.php?rest_route=%2Fwp%2Fv2%2Fmedia&parent=992"}],"curies":[{"name":"wp","href":"https:\/\/api.w.org\/{rel}","templated":true}]}}